{"id":41,"date":"2023-06-15T17:38:57","date_gmt":"2023-06-15T17:38:57","guid":{"rendered":"https:\/\/globalelsalvador.com\/NuevaSanMiguel\/?page_id=41"},"modified":"2024-10-04T22:13:12","modified_gmt":"2024-10-04T22:13:12","slug":"modelo-michigan","status":"publish","type":"page","link":"https:\/\/globalelsalvador.com\/NuevaSanMiguel\/modelo-michigan\/","title":{"rendered":"Modelo Michigan"},"content":{"rendered":"\t\t<div data-elementor-type=\"wp-page\" data-elementor-id=\"41\" class=\"elementor elementor-41\">\n\t\t\t\t\t\t<section class=\"elementor-section elementor-top-section elementor-element elementor-element-4e5a1dd elementor-section-full_width elementor-section-height-default elementor-section-height-default\" data-id=\"4e5a1dd\" data-element_type=\"section\" data-settings=\"{&quot;background_background&quot;:&quot;classic&quot;}\">\n\t\t\t\t\t\t<div class=\"elementor-container elementor-column-gap-default\">\n\t\t\t\t\t<div class=\"elementor-column elementor-col-100 elementor-top-column elementor-element elementor-element-c6838a2\" data-id=\"c6838a2\" data-element_type=\"column\">\n\t\t\t<div class=\"elementor-widget-wrap elementor-element-populated\">\n\t\t\t\t\t\t<div class=\"elementor-element elementor-element-9823828 elementor-widget elementor-widget-image\" data-id=\"9823828\" data-element_type=\"widget\" data-widget_type=\"image.default\">\n\t\t\t\t<div class=\"elementor-widget-container\">\n\t\t\t\t\t\t\t\t\t\t\t\t\t\t\t<img fetchpriority=\"high\" decoding=\"async\" width=\"1920\" height=\"648\" src=\"https:\/\/globalelsalvador.com\/NuevaSanMiguel\/wp-content\/uploads\/2024\/09\/Banner1_Michigan.jpg\" class=\"attachment-full size-full wp-image-687\" alt=\"\" srcset=\"https:\/\/globalelsalvador.com\/NuevaSanMiguel\/wp-content\/uploads\/2024\/09\/Banner1_Michigan.jpg 1920w, https:\/\/globalelsalvador.com\/NuevaSanMiguel\/wp-content\/uploads\/2024\/09\/Banner1_Michigan-300x101.jpg 300w, https:\/\/globalelsalvador.com\/NuevaSanMiguel\/wp-content\/uploads\/2024\/09\/Banner1_Michigan-1024x346.jpg 1024w, https:\/\/globalelsalvador.com\/NuevaSanMiguel\/wp-content\/uploads\/2024\/09\/Banner1_Michigan-768x259.jpg 768w, https:\/\/globalelsalvador.com\/NuevaSanMiguel\/wp-content\/uploads\/2024\/09\/Banner1_Michigan-1536x518.jpg 1536w\" sizes=\"(max-width: 1920px) 100vw, 1920px\" \/>\t\t\t\t\t\t\t\t\t\t\t\t\t\t\t<\/div>\n\t\t\t\t<\/div>\n\t\t\t\t\t<\/div>\n\t\t<\/div>\n\t\t\t\t\t<\/div>\n\t\t<\/section>\n\t\t\t\t<section class=\"elementor-section elementor-top-section elementor-element elementor-element-9c1969a elementor-section-full_width elementor-hidden-desktop elementor-hidden-tablet elementor-hidden-mobile elementor-section-height-default elementor-section-height-default\" data-id=\"9c1969a\" data-element_type=\"section\" data-settings=\"{&quot;background_background&quot;:&quot;classic&quot;}\">\n\t\t\t\t\t\t<div class=\"elementor-container elementor-column-gap-default\">\n\t\t\t\t\t<div class=\"elementor-column elementor-col-50 elementor-top-column elementor-element elementor-element-0a5692d\" data-id=\"0a5692d\" data-element_type=\"column\">\n\t\t\t<div class=\"elementor-widget-wrap elementor-element-populated\">\n\t\t\t\t\t\t<div class=\"elementor-element elementor-element-99c2501 elementor-widget elementor-widget-image\" data-id=\"99c2501\" data-element_type=\"widget\" data-widget_type=\"image.default\">\n\t\t\t\t<div class=\"elementor-widget-container\">\n\t\t\t\t\t\t\t\t\t\t\t\t\t\t\t<img decoding=\"async\" width=\"800\" height=\"170\" src=\"https:\/\/globalelsalvador.com\/NuevaSanMiguel\/wp-content\/uploads\/2023\/06\/titleplantas-1-1024x218.png\" class=\"attachment-large size-large wp-image-179\" alt=\"\" srcset=\"https:\/\/globalelsalvador.com\/NuevaSanMiguel\/wp-content\/uploads\/2023\/06\/titleplantas-1-1024x218.png 1024w, https:\/\/globalelsalvador.com\/NuevaSanMiguel\/wp-content\/uploads\/2023\/06\/titleplantas-1-300x64.png 300w, https:\/\/globalelsalvador.com\/NuevaSanMiguel\/wp-content\/uploads\/2023\/06\/titleplantas-1-768x164.png 768w, https:\/\/globalelsalvador.com\/NuevaSanMiguel\/wp-content\/uploads\/2023\/06\/titleplantas-1.png 1130w\" sizes=\"(max-width: 800px) 100vw, 800px\" \/>\t\t\t\t\t\t\t\t\t\t\t\t\t\t\t<\/div>\n\t\t\t\t<\/div>\n\t\t\t\t\t<\/div>\n\t\t<\/div>\n\t\t\t\t<div class=\"elementor-column elementor-col-50 elementor-top-column elementor-element elementor-element-3eda3f5\" data-id=\"3eda3f5\" data-element_type=\"column\">\n\t\t\t<div class=\"elementor-widget-wrap elementor-element-populated\">\n\t\t\t\t\t\t<div class=\"elementor-element elementor-element-e9075e9 elementor-widget elementor-widget-heading\" data-id=\"e9075e9\" data-element_type=\"widget\" data-widget_type=\"heading.default\">\n\t\t\t\t<div class=\"elementor-widget-container\">\n\t\t\t\t\t<h2 class=\"elementor-heading-title elementor-size-default\">Planta arquitect\u00f3nica<\/h2>\t\t\t\t<\/div>\n\t\t\t\t<\/div>\n\t\t\t\t\t<\/div>\n\t\t<\/div>\n\t\t\t\t\t<\/div>\n\t\t<\/section>\n\t\t\t\t<section class=\"elementor-section elementor-top-section elementor-element elementor-element-9b3d059 elementor-section-full_width elementor-hidden-desktop elementor-hidden-tablet elementor-hidden-mobile elementor-section-height-default elementor-section-height-default\" data-id=\"9b3d059\" data-element_type=\"section\">\n\t\t\t\t\t\t<div class=\"elementor-container elementor-column-gap-default\">\n\t\t\t\t\t<div class=\"elementor-column elementor-col-100 elementor-top-column elementor-element elementor-element-47dbddd\" data-id=\"47dbddd\" data-element_type=\"column\">\n\t\t\t<div class=\"elementor-widget-wrap elementor-element-populated\">\n\t\t\t\t\t\t<div class=\"elementor-element elementor-element-01db114 elementor-widget elementor-widget-image\" data-id=\"01db114\" data-element_type=\"widget\" data-widget_type=\"image.default\">\n\t\t\t\t<div class=\"elementor-widget-container\">\n\t\t\t\t\t\t\t\t\t\t\t\t\t\t\t<img decoding=\"async\" width=\"875\" height=\"244\" src=\"https:\/\/globalelsalvador.com\/NuevaSanMiguel\/wp-content\/uploads\/2024\/09\/Planta_Michigan.jpg\" class=\"attachment-1536x1536 size-1536x1536 wp-image-667\" alt=\"\" srcset=\"https:\/\/globalelsalvador.com\/NuevaSanMiguel\/wp-content\/uploads\/2024\/09\/Planta_Michigan.jpg 875w, https:\/\/globalelsalvador.com\/NuevaSanMiguel\/wp-content\/uploads\/2024\/09\/Planta_Michigan-300x84.jpg 300w, https:\/\/globalelsalvador.com\/NuevaSanMiguel\/wp-content\/uploads\/2024\/09\/Planta_Michigan-768x214.jpg 768w\" sizes=\"(max-width: 875px) 100vw, 875px\" \/>\t\t\t\t\t\t\t\t\t\t\t\t\t\t\t<\/div>\n\t\t\t\t<\/div>\n\t\t\t\t\t<\/div>\n\t\t<\/div>\n\t\t\t\t\t<\/div>\n\t\t<\/section>\n\t\t\t\t<section class=\"elementor-section elementor-top-section elementor-element elementor-element-446a65e elementor-section-full_width elementor-hidden-desktop elementor-hidden-tablet elementor-hidden-mobile elementor-section-height-default elementor-section-height-default\" data-id=\"446a65e\" data-element_type=\"section\" data-settings=\"{&quot;background_background&quot;:&quot;classic&quot;}\">\n\t\t\t\t\t\t<div class=\"elementor-container elementor-column-gap-default\">\n\t\t\t\t\t<div class=\"elementor-column elementor-col-33 elementor-top-column elementor-element elementor-element-1638d34\" data-id=\"1638d34\" data-element_type=\"column\">\n\t\t\t<div class=\"elementor-widget-wrap\">\n\t\t\t\t\t\t\t<\/div>\n\t\t<\/div>\n\t\t\t\t<div class=\"elementor-column elementor-col-33 elementor-top-column elementor-element elementor-element-1624c87\" data-id=\"1624c87\" data-element_type=\"column\">\n\t\t\t<div class=\"elementor-widget-wrap elementor-element-populated\">\n\t\t\t\t\t\t<div class=\"elementor-element elementor-element-30a5032 elementor-widget elementor-widget-text-editor\" data-id=\"30a5032\" data-element_type=\"widget\" data-widget_type=\"text-editor.default\">\n\t\t\t\t<div class=\"elementor-widget-container\">\n\t\t\t\t\t\t\t\t\t<p style=\"text-align: center;\"><span style=\"color: #fff; font-family: -apple-system, BlinkMacSystemFont, 'Segoe UI', Roboto, 'Helvetica Neue', Arial, 'Noto Sans', 'Liberation Sans', sans-serif, 'Apple Color Emoji', 'Segoe UI Emoji', 'Segoe UI Symbol', 'Noto Color Emoji'; font-size: 20px;\">\u00a0\u00c1rea total de construcci\u00f3n: 45.39m2<\/span><\/p><p style=\"text-align: center;\"><span style=\"color: #fff; font-family: -apple-system, BlinkMacSystemFont, 'Segoe UI', Roboto, 'Helvetica Neue', Arial, 'Noto Sans', 'Liberation Sans', sans-serif, 'Apple Color Emoji', 'Segoe UI Emoji', 'Segoe UI Symbol', 'Noto Color Emoji'; font-size: 20px;\">\u00c1rea total de terreno: 150m2<\/span><\/p>\t\t\t\t\t\t\t\t<\/div>\n\t\t\t\t<\/div>\n\t\t\t\t\t<\/div>\n\t\t<\/div>\n\t\t\t\t<div class=\"elementor-column elementor-col-33 elementor-top-column elementor-element elementor-element-022174f\" data-id=\"022174f\" data-element_type=\"column\">\n\t\t\t<div class=\"elementor-widget-wrap\">\n\t\t\t\t\t\t\t<\/div>\n\t\t<\/div>\n\t\t\t\t\t<\/div>\n\t\t<\/section>\n\t\t\t\t<section class=\"elementor-section elementor-top-section elementor-element elementor-element-7d418ff elementor-section-full_width elementor-section-height-default elementor-section-height-default\" data-id=\"7d418ff\" data-element_type=\"section\" data-settings=\"{&quot;background_background&quot;:&quot;classic&quot;}\">\n\t\t\t\t\t\t<div class=\"elementor-container elementor-column-gap-default\">\n\t\t\t\t\t<div class=\"elementor-column elementor-col-50 elementor-top-column elementor-element elementor-element-b2b53b4\" data-id=\"b2b53b4\" data-element_type=\"column\">\n\t\t\t<div class=\"elementor-widget-wrap\">\n\t\t\t\t\t\t\t<\/div>\n\t\t<\/div>\n\t\t\t\t<div class=\"elementor-column elementor-col-50 elementor-top-column elementor-element elementor-element-efda7ab\" data-id=\"efda7ab\" data-element_type=\"column\">\n\t\t\t<div class=\"elementor-widget-wrap elementor-element-populated\">\n\t\t\t\t\t\t<div class=\"elementor-element elementor-element-b720bab elementor-widget elementor-widget-heading\" data-id=\"b720bab\" data-element_type=\"widget\" data-widget_type=\"heading.default\">\n\t\t\t\t<div class=\"elementor-widget-container\">\n\t\t\t\t\t<h2 class=\"elementor-heading-title elementor-size-default\">Detalles arquitect\u00f3nicos<\/h2>\t\t\t\t<\/div>\n\t\t\t\t<\/div>\n\t\t\t\t\t<\/div>\n\t\t<\/div>\n\t\t\t\t\t<\/div>\n\t\t<\/section>\n\t\t\t\t<section class=\"elementor-section elementor-top-section elementor-element elementor-element-5e0e4d2 elementor-section-boxed elementor-section-height-default elementor-section-height-default\" data-id=\"5e0e4d2\" data-element_type=\"section\">\n\t\t\t\t\t\t<div class=\"elementor-container elementor-column-gap-default\">\n\t\t\t\t\t<div class=\"elementor-column elementor-col-50 elementor-top-column elementor-element elementor-element-931bf3f\" data-id=\"931bf3f\" data-element_type=\"column\">\n\t\t\t<div class=\"elementor-widget-wrap elementor-element-populated\">\n\t\t\t\t\t\t<div class=\"elementor-element elementor-element-532653c elementor-widget elementor-widget-text-editor\" data-id=\"532653c\" data-element_type=\"widget\" data-widget_type=\"text-editor.default\">\n\t\t\t\t<div class=\"elementor-widget-container\">\n\t\t\t\t\t\t\t\t\t<h4 class=\"t-desp\" style=\"margin-bottom: 0.5rem; margin-top: 50px; font-weight: bold; font-size: 28px; color: #11313a; font-family: -apple-system, BlinkMacSystemFont, 'Segoe UI', Roboto, 'Helvetica Neue', Arial, 'Noto Sans', 'Liberation Sans', sans-serif, 'Apple Color Emoji', 'Segoe UI Emoji', 'Segoe UI Symbol', 'Noto Color Emoji';\">Caracter\u00edsticas:<\/h4>\n<p class=\"t-single-desp\" style=\"margin-bottom: 1rem; color: #11313a; font-size: 25px; font-family: -apple-system, BlinkMacSystemFont, 'Segoe UI', Roboto, 'Helvetica Neue', Arial, 'Noto Sans', 'Liberation Sans', sans-serif, 'Apple Color Emoji', 'Segoe UI Emoji', 'Segoe UI Symbol', 'Noto Color Emoji';\">Modelo de vivienda en un nivel.<\/p>\n<ul class=\"details-model\" style=\"margin-bottom: 1rem;\">\n \t<li>Cochera para 2 vehiculos.<\/li>\n \t<li>Jard\u00edn exterior.<\/li>\n \t<li>Vest\u00edbulo en acceso exterior e interior.<\/li>\n \t<li>Jard\u00edn internor.<\/li>\n \t<li>Sala independiente.<\/li>\n \t<li>Moderno concepto de comedor y cocina integrada.<\/li>\n \t<li>Amplio ba\u00f1o Familiar.<\/li>\n \t<li>Habitaci\u00f3n Principal.<\/li>\n \t<li>Habitaci\u00f3n Junior.<\/li>\n \t<li>Amplio Jard\u00edn Posterior para Futura Ampliaci\u00f3n.<\/li>\n<\/ul>\n<h4 class=\"t-desp\" style=\"margin-bottom: 0.5rem; margin-top: 50px; font-weight: bold; font-size: 28px; color: #11313a; font-family: -apple-system, BlinkMacSystemFont, 'Segoe UI', Roboto, 'Helvetica Neue', Arial, 'Noto Sans', 'Liberation Sans', sans-serif, 'Apple Color Emoji', 'Segoe UI Emoji', 'Segoe UI Symbol', 'Noto Color Emoji';\">Detalles arquitect\u00f3nicos:<\/h4>\n<p class=\"t-single-desp\" style=\"margin-bottom: 1rem; color: #11313a; font-size: 25px; font-family: -apple-system, BlinkMacSystemFont, 'Segoe UI', Roboto, 'Helvetica Neue', Arial, 'Noto Sans', 'Liberation Sans', sans-serif, 'Apple Color Emoji', 'Segoe UI Emoji', 'Segoe UI Symbol', 'Noto Color Emoji';\"><\/p>\n<ul class=\"details-model\" style=\"box-sizing: border-box; margin-bottom: 1rem; margin-top: 0px;\">\n \t<li style=\"box-sizing: border-box;\">Arquitectura contempor\u00e1nea en fachada.<\/li>\n \t<li style=\"box-sizing: border-box;\">Enchape de Cer\u00e1mica en Madera.<\/li>\n \t<li style=\"box-sizing: border-box;\">Cochera revestida con tecnolog\u00eda bicapa en adoqu\u00edn.<\/li>\n \t<li style=\"box-sizing: border-box;\">Perfiler\u00eda importada en ventanas de PVC en toda la vivienda.<\/li>\n \t<li style=\"box-sizing: border-box;\">Puerta de vidrio hacia el jard\u00edn Posterior.<\/li>\n \t<li style=\"box-sizing: border-box;\">Puerta de vidrio en Jard\u00edn Interior.<\/li>\n \t<li style=\"box-sizing: border-box;\">Chapa Digital en Puerta Principal.<\/li>\n \t<li style=\"box-sizing: border-box;\">Lujosa y L\u00ednea fina de accesorios en ba\u00f1o principal.<\/li>\n \t<li style=\"box-sizing: border-box;\">Enchapes Moderno de Cer\u00e1mica.<\/li>\n \t<li style=\"box-sizing: border-box;\">Cielo falso importado.<\/li>\n<\/ul>\t\t\t\t\t\t\t\t<\/div>\n\t\t\t\t<\/div>\n\t\t\t\t\t<\/div>\n\t\t<\/div>\n\t\t\t\t<div class=\"elementor-column elementor-col-50 elementor-top-column elementor-element elementor-element-0b30202\" data-id=\"0b30202\" data-element_type=\"column\">\n\t\t\t<div class=\"elementor-widget-wrap elementor-element-populated\">\n\t\t\t\t\t\t<div class=\"elementor-element elementor-element-9e8db34 elementor-widget elementor-widget-image\" data-id=\"9e8db34\" data-element_type=\"widget\" data-widget_type=\"image.default\">\n\t\t\t\t<div class=\"elementor-widget-container\">\n\t\t\t\t\t\t\t\t\t\t\t\t\t\t\t<img loading=\"lazy\" decoding=\"async\" width=\"661\" height=\"767\" src=\"https:\/\/globalelsalvador.com\/NuevaSanMiguel\/wp-content\/uploads\/2023\/06\/michigan.png\" class=\"attachment-large size-large wp-image-209\" alt=\"\" srcset=\"https:\/\/globalelsalvador.com\/NuevaSanMiguel\/wp-content\/uploads\/2023\/06\/michigan.png 661w, https:\/\/globalelsalvador.com\/NuevaSanMiguel\/wp-content\/uploads\/2023\/06\/michigan-259x300.png 259w\" sizes=\"(max-width: 661px) 100vw, 661px\" \/>\t\t\t\t\t\t\t\t\t\t\t\t\t\t\t<\/div>\n\t\t\t\t<\/div>\n\t\t\t\t\t<\/div>\n\t\t<\/div>\n\t\t\t\t\t<\/div>\n\t\t<\/section>\n\t\t\t\t<\/div>\n\t\t","protected":false},"excerpt":{"rendered":"<p>Planta arquitect\u00f3nica \u00a0\u00c1rea total de construcci\u00f3n: 45.39m2 \u00c1rea total de terreno: 150m2 Detalles arquitect\u00f3nicos Caracter\u00edsticas: Modelo de vivienda en un nivel. Cochera para 2 vehiculos. Jard\u00edn exterior. Vest\u00edbulo en acceso exterior e interior. Jard\u00edn internor. Sala independiente. Moderno concepto de comedor y cocina integrada. Amplio ba\u00f1o Familiar. Habitaci\u00f3n Principal. Habitaci\u00f3n Junior. Amplio Jard\u00edn Posterior para [&hellip;]<\/p>\n","protected":false},"author":1,"featured_media":0,"parent":0,"menu_order":0,"comment_status":"closed","ping_status":"closed","template":"","meta":{"_joinchat":[],"footnotes":""},"class_list":["post-41","page","type-page","status-publish","hentry"],"aioseo_notices":[],"_links":{"self":[{"href":"https:\/\/globalelsalvador.com\/NuevaSanMiguel\/wp-json\/wp\/v2\/pages\/41","targetHints":{"allow":["GET"]}}],"collection":[{"href":"https:\/\/globalelsalvador.com\/NuevaSanMiguel\/wp-json\/wp\/v2\/pages"}],"about":[{"href":"https:\/\/globalelsalvador.com\/NuevaSanMiguel\/wp-json\/wp\/v2\/types\/page"}],"author":[{"embeddable":true,"href":"https:\/\/globalelsalvador.com\/NuevaSanMiguel\/wp-json\/wp\/v2\/users\/1"}],"replies":[{"embeddable":true,"href":"https:\/\/globalelsalvador.com\/NuevaSanMiguel\/wp-json\/wp\/v2\/comments?post=41"}],"version-history":[{"count":34,"href":"https:\/\/globalelsalvador.com\/NuevaSanMiguel\/wp-json\/wp\/v2\/pages\/41\/revisions"}],"predecessor-version":[{"id":732,"href":"https:\/\/globalelsalvador.com\/NuevaSanMiguel\/wp-json\/wp\/v2\/pages\/41\/revisions\/732"}],"wp:attachment":[{"href":"https:\/\/globalelsalvador.com\/NuevaSanMiguel\/wp-json\/wp\/v2\/media?parent=41"}],"curies":[{"name":"wp","href":"https:\/\/api.w.org\/{rel}","templated":true}]}}