{"id":31,"date":"2023-06-15T16:42:17","date_gmt":"2023-06-15T16:42:17","guid":{"rendered":"https:\/\/globalelsalvador.com\/NuevaSanMiguel\/?page_id=31"},"modified":"2024-10-04T22:17:00","modified_gmt":"2024-10-04T22:17:00","slug":"modelo-chicago","status":"publish","type":"page","link":"https:\/\/globalelsalvador.com\/NuevaSanMiguel\/modelo-chicago\/","title":{"rendered":"Modelo Chicago"},"content":{"rendered":"\t\t<div data-elementor-type=\"wp-page\" data-elementor-id=\"31\" class=\"elementor elementor-31\">\n\t\t\t\t\t\t<section class=\"elementor-section elementor-top-section elementor-element elementor-element-37bd873 elementor-section-boxed elementor-section-height-default elementor-section-height-default\" data-id=\"37bd873\" data-element_type=\"section\">\n\t\t\t\t\t\t<div class=\"elementor-container elementor-column-gap-default\">\n\t\t\t\t\t<div class=\"elementor-column elementor-col-100 elementor-top-column elementor-element elementor-element-e044659\" data-id=\"e044659\" data-element_type=\"column\">\n\t\t\t<div class=\"elementor-widget-wrap elementor-element-populated\">\n\t\t\t\t\t\t<div class=\"elementor-element elementor-element-34e11fe elementor-widget elementor-widget-image\" data-id=\"34e11fe\" data-element_type=\"widget\" data-widget_type=\"image.default\">\n\t\t\t\t<div class=\"elementor-widget-container\">\n\t\t\t\t\t\t\t\t\t\t\t\t\t\t\t<img fetchpriority=\"high\" decoding=\"async\" width=\"1920\" height=\"1080\" src=\"https:\/\/globalelsalvador.com\/NuevaSanMiguel\/wp-content\/uploads\/2023\/06\/chicago.jpg\" class=\"attachment-full size-full wp-image-161\" alt=\"\" srcset=\"https:\/\/globalelsalvador.com\/NuevaSanMiguel\/wp-content\/uploads\/2023\/06\/chicago.jpg 1920w, https:\/\/globalelsalvador.com\/NuevaSanMiguel\/wp-content\/uploads\/2023\/06\/chicago-300x169.jpg 300w, https:\/\/globalelsalvador.com\/NuevaSanMiguel\/wp-content\/uploads\/2023\/06\/chicago-1024x576.jpg 1024w, https:\/\/globalelsalvador.com\/NuevaSanMiguel\/wp-content\/uploads\/2023\/06\/chicago-768x432.jpg 768w, https:\/\/globalelsalvador.com\/NuevaSanMiguel\/wp-content\/uploads\/2023\/06\/chicago-1536x864.jpg 1536w\" sizes=\"(max-width: 1920px) 100vw, 1920px\" \/>\t\t\t\t\t\t\t\t\t\t\t\t\t\t\t<\/div>\n\t\t\t\t<\/div>\n\t\t\t\t\t<\/div>\n\t\t<\/div>\n\t\t\t\t\t<\/div>\n\t\t<\/section>\n\t\t\t\t<section class=\"elementor-section elementor-top-section elementor-element elementor-element-5ce8568 elementor-section-full_width elementor-hidden-desktop elementor-hidden-tablet elementor-hidden-mobile elementor-section-height-default elementor-section-height-default\" data-id=\"5ce8568\" data-element_type=\"section\" data-settings=\"{&quot;background_background&quot;:&quot;classic&quot;}\">\n\t\t\t\t\t\t<div class=\"elementor-container elementor-column-gap-default\">\n\t\t\t\t\t<div class=\"elementor-column elementor-col-50 elementor-top-column elementor-element elementor-element-0e0d790\" data-id=\"0e0d790\" data-element_type=\"column\">\n\t\t\t<div class=\"elementor-widget-wrap elementor-element-populated\">\n\t\t\t\t\t\t<div class=\"elementor-element elementor-element-4e49dc3 elementor-widget elementor-widget-image\" data-id=\"4e49dc3\" data-element_type=\"widget\" data-widget_type=\"image.default\">\n\t\t\t\t<div class=\"elementor-widget-container\">\n\t\t\t\t\t\t\t\t\t\t\t\t\t\t\t<img decoding=\"async\" width=\"800\" height=\"170\" src=\"https:\/\/globalelsalvador.com\/NuevaSanMiguel\/wp-content\/uploads\/2023\/06\/titleplantas-1-1024x218.png\" class=\"attachment-large size-large wp-image-179\" alt=\"\" srcset=\"https:\/\/globalelsalvador.com\/NuevaSanMiguel\/wp-content\/uploads\/2023\/06\/titleplantas-1-1024x218.png 1024w, https:\/\/globalelsalvador.com\/NuevaSanMiguel\/wp-content\/uploads\/2023\/06\/titleplantas-1-300x64.png 300w, https:\/\/globalelsalvador.com\/NuevaSanMiguel\/wp-content\/uploads\/2023\/06\/titleplantas-1-768x164.png 768w, https:\/\/globalelsalvador.com\/NuevaSanMiguel\/wp-content\/uploads\/2023\/06\/titleplantas-1.png 1130w\" sizes=\"(max-width: 800px) 100vw, 800px\" \/>\t\t\t\t\t\t\t\t\t\t\t\t\t\t\t<\/div>\n\t\t\t\t<\/div>\n\t\t\t\t\t<\/div>\n\t\t<\/div>\n\t\t\t\t<div class=\"elementor-column elementor-col-50 elementor-top-column elementor-element elementor-element-72cf2e6\" data-id=\"72cf2e6\" data-element_type=\"column\">\n\t\t\t<div class=\"elementor-widget-wrap elementor-element-populated\">\n\t\t\t\t\t\t<div class=\"elementor-element elementor-element-7e5ab88 elementor-widget elementor-widget-heading\" data-id=\"7e5ab88\" data-element_type=\"widget\" data-widget_type=\"heading.default\">\n\t\t\t\t<div class=\"elementor-widget-container\">\n\t\t\t\t\t<h2 class=\"elementor-heading-title elementor-size-default\">Planta arquitect\u00f3nica<\/h2>\t\t\t\t<\/div>\n\t\t\t\t<\/div>\n\t\t\t\t\t<\/div>\n\t\t<\/div>\n\t\t\t\t\t<\/div>\n\t\t<\/section>\n\t\t\t\t<section class=\"elementor-section elementor-top-section elementor-element elementor-element-985f31b elementor-hidden-desktop elementor-hidden-tablet elementor-hidden-mobile elementor-section-boxed elementor-section-height-default elementor-section-height-default\" data-id=\"985f31b\" data-element_type=\"section\">\n\t\t\t\t\t\t<div class=\"elementor-container elementor-column-gap-default\">\n\t\t\t\t\t<div class=\"elementor-column elementor-col-100 elementor-top-column elementor-element elementor-element-f87b5bf\" data-id=\"f87b5bf\" data-element_type=\"column\">\n\t\t\t<div class=\"elementor-widget-wrap elementor-element-populated\">\n\t\t\t\t\t\t<div class=\"elementor-element elementor-element-1da43e5 elementor-widget elementor-widget-image\" data-id=\"1da43e5\" data-element_type=\"widget\" data-widget_type=\"image.default\">\n\t\t\t\t<div class=\"elementor-widget-container\">\n\t\t\t\t\t\t\t\t\t\t\t\t\t\t\t<img decoding=\"async\" width=\"800\" height=\"189\" src=\"https:\/\/globalelsalvador.com\/NuevaSanMiguel\/wp-content\/uploads\/2023\/06\/chicago-1-1024x242.jpg\" class=\"attachment-large size-large wp-image-163\" alt=\"\" srcset=\"https:\/\/globalelsalvador.com\/NuevaSanMiguel\/wp-content\/uploads\/2023\/06\/chicago-1-1024x242.jpg 1024w, https:\/\/globalelsalvador.com\/NuevaSanMiguel\/wp-content\/uploads\/2023\/06\/chicago-1-300x71.jpg 300w, https:\/\/globalelsalvador.com\/NuevaSanMiguel\/wp-content\/uploads\/2023\/06\/chicago-1-768x181.jpg 768w, https:\/\/globalelsalvador.com\/NuevaSanMiguel\/wp-content\/uploads\/2023\/06\/chicago-1.jpg 1080w\" sizes=\"(max-width: 800px) 100vw, 800px\" \/>\t\t\t\t\t\t\t\t\t\t\t\t\t\t\t<\/div>\n\t\t\t\t<\/div>\n\t\t\t\t\t<\/div>\n\t\t<\/div>\n\t\t\t\t\t<\/div>\n\t\t<\/section>\n\t\t\t\t<section class=\"elementor-section elementor-top-section elementor-element elementor-element-0b8124e elementor-section-full_width elementor-hidden-desktop elementor-hidden-tablet elementor-hidden-mobile elementor-section-height-default elementor-section-height-default\" data-id=\"0b8124e\" data-element_type=\"section\" data-settings=\"{&quot;background_background&quot;:&quot;classic&quot;}\">\n\t\t\t\t\t\t<div class=\"elementor-container elementor-column-gap-default\">\n\t\t\t\t\t<div class=\"elementor-column elementor-col-33 elementor-top-column elementor-element elementor-element-2b4af2a\" data-id=\"2b4af2a\" data-element_type=\"column\">\n\t\t\t<div class=\"elementor-widget-wrap\">\n\t\t\t\t\t\t\t<\/div>\n\t\t<\/div>\n\t\t\t\t<div class=\"elementor-column elementor-col-33 elementor-top-column elementor-element elementor-element-e1ade58\" data-id=\"e1ade58\" data-element_type=\"column\">\n\t\t\t<div class=\"elementor-widget-wrap elementor-element-populated\">\n\t\t\t\t\t\t<div class=\"elementor-element elementor-element-ee0cfe4 elementor-widget elementor-widget-text-editor\" data-id=\"ee0cfe4\" data-element_type=\"widget\" data-widget_type=\"text-editor.default\">\n\t\t\t\t<div class=\"elementor-widget-container\">\n\t\t\t\t\t\t\t\t\t<p style=\"text-align: center;\"><span style=\"color: #fff; font-family: -apple-system, BlinkMacSystemFont, 'Segoe UI', Roboto, 'Helvetica Neue', Arial, 'Noto Sans', 'Liberation Sans', sans-serif, 'Apple Color Emoji', 'Segoe UI Emoji', 'Segoe UI Symbol', 'Noto Color Emoji'; font-size: 20px;\">\u00a0\u00c1rea total de construcci\u00f3n: 75.50m2<\/span><\/p><p style=\"text-align: center;\"><span style=\"color: #fff; font-family: -apple-system, BlinkMacSystemFont, 'Segoe UI', Roboto, 'Helvetica Neue', Arial, 'Noto Sans', 'Liberation Sans', sans-serif, 'Apple Color Emoji', 'Segoe UI Emoji', 'Segoe UI Symbol', 'Noto Color Emoji'; font-size: 20px;\">\u00c1rea total de terreno: 150m2<\/span><\/p>\t\t\t\t\t\t\t\t<\/div>\n\t\t\t\t<\/div>\n\t\t\t\t\t<\/div>\n\t\t<\/div>\n\t\t\t\t<div class=\"elementor-column elementor-col-33 elementor-top-column elementor-element elementor-element-3d46a46\" data-id=\"3d46a46\" data-element_type=\"column\">\n\t\t\t<div class=\"elementor-widget-wrap\">\n\t\t\t\t\t\t\t<\/div>\n\t\t<\/div>\n\t\t\t\t\t<\/div>\n\t\t<\/section>\n\t\t\t\t<section class=\"elementor-section elementor-top-section elementor-element elementor-element-6396291 elementor-section-full_width elementor-section-height-default elementor-section-height-default\" data-id=\"6396291\" data-element_type=\"section\" data-settings=\"{&quot;background_background&quot;:&quot;classic&quot;}\">\n\t\t\t\t\t\t<div class=\"elementor-container elementor-column-gap-default\">\n\t\t\t\t\t<div class=\"elementor-column elementor-col-50 elementor-top-column elementor-element elementor-element-3553a78\" data-id=\"3553a78\" data-element_type=\"column\">\n\t\t\t<div class=\"elementor-widget-wrap elementor-element-populated\">\n\t\t\t\t\t\t<div class=\"elementor-element elementor-element-0c747eb elementor-hidden-desktop elementor-hidden-tablet elementor-hidden-mobile elementor-widget elementor-widget-image\" data-id=\"0c747eb\" data-element_type=\"widget\" data-widget_type=\"image.default\">\n\t\t\t\t<div class=\"elementor-widget-container\">\n\t\t\t\t\t\t\t\t\t\t\t\t\t\t\t<img decoding=\"async\" width=\"800\" height=\"170\" src=\"https:\/\/globalelsalvador.com\/NuevaSanMiguel\/wp-content\/uploads\/2023\/06\/titleplantas-1-1024x218.png\" class=\"attachment-large size-large wp-image-179\" alt=\"\" srcset=\"https:\/\/globalelsalvador.com\/NuevaSanMiguel\/wp-content\/uploads\/2023\/06\/titleplantas-1-1024x218.png 1024w, https:\/\/globalelsalvador.com\/NuevaSanMiguel\/wp-content\/uploads\/2023\/06\/titleplantas-1-300x64.png 300w, https:\/\/globalelsalvador.com\/NuevaSanMiguel\/wp-content\/uploads\/2023\/06\/titleplantas-1-768x164.png 768w, https:\/\/globalelsalvador.com\/NuevaSanMiguel\/wp-content\/uploads\/2023\/06\/titleplantas-1.png 1130w\" sizes=\"(max-width: 800px) 100vw, 800px\" \/>\t\t\t\t\t\t\t\t\t\t\t\t\t\t\t<\/div>\n\t\t\t\t<\/div>\n\t\t\t\t\t<\/div>\n\t\t<\/div>\n\t\t\t\t<div class=\"elementor-column elementor-col-50 elementor-top-column elementor-element elementor-element-9c89594\" data-id=\"9c89594\" data-element_type=\"column\">\n\t\t\t<div class=\"elementor-widget-wrap elementor-element-populated\">\n\t\t\t\t\t\t<div class=\"elementor-element elementor-element-f04beac elementor-widget elementor-widget-heading\" data-id=\"f04beac\" data-element_type=\"widget\" data-widget_type=\"heading.default\">\n\t\t\t\t<div class=\"elementor-widget-container\">\n\t\t\t\t\t<h2 class=\"elementor-heading-title elementor-size-default\">Detalles arquitect\u00f3nicos<\/h2>\t\t\t\t<\/div>\n\t\t\t\t<\/div>\n\t\t\t\t\t<\/div>\n\t\t<\/div>\n\t\t\t\t\t<\/div>\n\t\t<\/section>\n\t\t\t\t<section class=\"elementor-section elementor-top-section elementor-element elementor-element-1e2a9e1 elementor-section-boxed elementor-section-height-default elementor-section-height-default\" data-id=\"1e2a9e1\" data-element_type=\"section\" data-settings=\"{&quot;background_background&quot;:&quot;classic&quot;}\">\n\t\t\t\t\t\t<div class=\"elementor-container elementor-column-gap-default\">\n\t\t\t\t\t<div class=\"elementor-column elementor-col-50 elementor-top-column elementor-element elementor-element-32d1d03\" data-id=\"32d1d03\" data-element_type=\"column\">\n\t\t\t<div class=\"elementor-widget-wrap elementor-element-populated\">\n\t\t\t\t\t\t<div class=\"elementor-element elementor-element-331c0b4 elementor-widget elementor-widget-text-editor\" data-id=\"331c0b4\" data-element_type=\"widget\" data-widget_type=\"text-editor.default\">\n\t\t\t\t<div class=\"elementor-widget-container\">\n\t\t\t\t\t\t\t\t\t<h4 class=\"t-desp\" style=\"margin-bottom: 0.5rem; margin-top: 50px; font-weight: bold; font-size: 28px; color: #11313a; font-family: -apple-system, BlinkMacSystemFont, 'Segoe UI', Roboto, 'Helvetica Neue', Arial, 'Noto Sans', 'Liberation Sans', sans-serif, 'Apple Color Emoji', 'Segoe UI Emoji', 'Segoe UI Symbol', 'Noto Color Emoji';\">Modelo de vivienda en 1 nivel<\/h4><p class=\"t-single-desp\" style=\"margin-bottom: 1rem; color: #11313a; font-size: 25px; font-family: -apple-system, BlinkMacSystemFont, 'Segoe UI', Roboto, 'Helvetica Neue', Arial, 'Noto Sans', 'Liberation Sans', sans-serif, 'Apple Color Emoji', 'Segoe UI Emoji', 'Segoe UI Symbol', 'Noto Color Emoji';\">Primer nivel:<\/p><p class=\"t-single-desp\" style=\"margin-bottom: 1rem; color: #11313a; font-size: 25px; font-family: -apple-system, BlinkMacSystemFont, 'Segoe UI', Roboto, 'Helvetica Neue', Arial, 'Noto Sans', 'Liberation Sans', sans-serif, 'Apple Color Emoji', 'Segoe UI Emoji', 'Segoe UI Symbol', 'Noto Color Emoji';\">\u00a0<\/p><p>\u00a0<\/p><ul class=\"details-model\" style=\"box-sizing: border-box; margin-bottom: 1rem; margin-top: 0px;\"><li style=\"box-sizing: border-box;\">Cochera con tecnolog\u00eda bicapa para 2 vehiculos.<\/li><li style=\"box-sizing: border-box;\">Moderna sala principal.<\/li><li style=\"box-sizing: border-box;\">Comedor con espectacular vista al jard\u00edn.<\/li><li style=\"box-sizing: border-box;\">Espaciosa habitaci\u00f3n principal con ba\u00f1o y mueble enchapado.<\/li><li style=\"box-sizing: border-box;\">Dos habitaciones junior.<\/li><li style=\"box-sizing: border-box;\">Ba\u00f1o social con moderna l\u00ednea sanitaria.<\/li><li style=\"box-sizing: border-box;\">\u00c1rea destinada para equipos de oficio.<\/li><li style=\"box-sizing: border-box;\">Jard\u00edn interno para recreaci\u00f3n o futuras ampliaciones.<\/li><\/ul>\t\t\t\t\t\t\t\t<\/div>\n\t\t\t\t<\/div>\n\t\t\t\t\t<\/div>\n\t\t<\/div>\n\t\t\t\t<div class=\"elementor-column elementor-col-50 elementor-top-column elementor-element elementor-element-f5ef9cc\" data-id=\"f5ef9cc\" data-element_type=\"column\">\n\t\t\t<div class=\"elementor-widget-wrap elementor-element-populated\">\n\t\t\t\t\t\t<div class=\"elementor-element elementor-element-e771493 elementor-widget elementor-widget-image\" data-id=\"e771493\" data-element_type=\"widget\" data-widget_type=\"image.default\">\n\t\t\t\t<div class=\"elementor-widget-container\">\n\t\t\t\t\t\t\t\t\t\t\t\t\t\t\t<img loading=\"lazy\" decoding=\"async\" width=\"661\" height=\"766\" src=\"https:\/\/globalelsalvador.com\/NuevaSanMiguel\/wp-content\/uploads\/2023\/06\/chicago.png\" class=\"attachment-large size-large wp-image-170\" alt=\"\" srcset=\"https:\/\/globalelsalvador.com\/NuevaSanMiguel\/wp-content\/uploads\/2023\/06\/chicago.png 661w, https:\/\/globalelsalvador.com\/NuevaSanMiguel\/wp-content\/uploads\/2023\/06\/chicago-259x300.png 259w\" sizes=\"(max-width: 661px) 100vw, 661px\" \/>\t\t\t\t\t\t\t\t\t\t\t\t\t\t\t<\/div>\n\t\t\t\t<\/div>\n\t\t\t\t\t<\/div>\n\t\t<\/div>\n\t\t\t\t\t<\/div>\n\t\t<\/section>\n\t\t\t\t<\/div>\n\t\t","protected":false},"excerpt":{"rendered":"<p>Planta arquitect\u00f3nica \u00a0\u00c1rea total de construcci\u00f3n: 75.50m2 \u00c1rea total de terreno: 150m2 Detalles arquitect\u00f3nicos Modelo de vivienda en 1 nivel Primer nivel: \u00a0 \u00a0 Cochera con tecnolog\u00eda bicapa para 2 vehiculos. Moderna sala principal. Comedor con espectacular vista al jard\u00edn. Espaciosa habitaci\u00f3n principal con ba\u00f1o y mueble enchapado. Dos habitaciones junior. Ba\u00f1o social con moderna [&hellip;]<\/p>\n","protected":false},"author":1,"featured_media":0,"parent":0,"menu_order":0,"comment_status":"closed","ping_status":"closed","template":"","meta":{"_joinchat":[],"footnotes":""},"class_list":["post-31","page","type-page","status-publish","hentry"],"aioseo_notices":[],"_links":{"self":[{"href":"https:\/\/globalelsalvador.com\/NuevaSanMiguel\/wp-json\/wp\/v2\/pages\/31","targetHints":{"allow":["GET"]}}],"collection":[{"href":"https:\/\/globalelsalvador.com\/NuevaSanMiguel\/wp-json\/wp\/v2\/pages"}],"about":[{"href":"https:\/\/globalelsalvador.com\/NuevaSanMiguel\/wp-json\/wp\/v2\/types\/page"}],"author":[{"embeddable":true,"href":"https:\/\/globalelsalvador.com\/NuevaSanMiguel\/wp-json\/wp\/v2\/users\/1"}],"replies":[{"embeddable":true,"href":"https:\/\/globalelsalvador.com\/NuevaSanMiguel\/wp-json\/wp\/v2\/comments?post=31"}],"version-history":[{"count":28,"href":"https:\/\/globalelsalvador.com\/NuevaSanMiguel\/wp-json\/wp\/v2\/pages\/31\/revisions"}],"predecessor-version":[{"id":741,"href":"https:\/\/globalelsalvador.com\/NuevaSanMiguel\/wp-json\/wp\/v2\/pages\/31\/revisions\/741"}],"wp:attachment":[{"href":"https:\/\/globalelsalvador.com\/NuevaSanMiguel\/wp-json\/wp\/v2\/media?parent=31"}],"curies":[{"name":"wp","href":"https:\/\/api.w.org\/{rel}","templated":true}]}}